{"id":2219,"date":"2019-09-03T07:39:20","date_gmt":"2019-09-03T07:39:20","guid":{"rendered":"http:\/\/www.vovray-en-bornes.fr\/?page_id=2219"},"modified":"2021-02-01T07:51:40","modified_gmt":"2021-02-01T07:51:40","slug":"pose-de-la-premiere-pierre","status":"publish","type":"page","link":"https:\/\/www.vovray-en-bornes.fr\/?page_id=2219","title":{"rendered":"Pose de la premi\u00e8re pierre du groupe scolaire"},"content":{"rendered":"<p>Samedi 7 juillet a eu lieu la pose de la premi\u00e8re pierre du groupe scolaire et des am\u00e9nagements p\u00e9riscolaires des communes du Sappey et de Vovray-en-Bornes en pr\u00e9sence de monsieur le Pr\u00e9fet, monsieur le Sous-Pr\u00e9fet, le D\u00e9put\u00e9, conseiller r\u00e9gional, M. Saddier, les S\u00e9nateurs, M. Carle, M. Pellevat, le Vice-Pr\u00e9sident du Conseil D\u00e9partemental, M. Denis Duvernay,M. le Pr\u00e9sident de la CCPC, les \u00e9lus du territoire, les entreprises et les parents d&rsquo;\u00e9l\u00e8ves. Cet \u00e9v\u00e9nement marque le d\u00e9but des travaux d&rsquo;un \u00e9quipement important pour les communes et la CCPC.<a href=\"http:\/\/www.vovray-en-bornes.fr\/wp-content\/uploads\/2018\/07\/DSC_1317.jpg\"><img loading=\"lazy\" decoding=\"async\" width=\"300\" height=\"200\" class=\"alignleft size-medium wp-image-1838\" alt=\"\" src=\"http:\/\/www.vovray-en-bornes.fr\/wp-content\/uploads\/2018\/07\/DSC_1317-300x200.jpg\" srcset=\"https:\/\/www.vovray-en-bornes.fr\/wp-content\/uploads\/2018\/07\/DSC_1317-300x200.jpg 300w, https:\/\/www.vovray-en-bornes.fr\/wp-content\/uploads\/2018\/07\/DSC_1317-768x512.jpg 768w, https:\/\/www.vovray-en-bornes.fr\/wp-content\/uploads\/2018\/07\/DSC_1317-1024x683.jpg 1024w\" sizes=\"auto, (max-width: 300px) 100vw, 300px\" \/><\/a> <a href=\"http:\/\/www.vovray-en-bornes.fr\/wp-content\/uploads\/2018\/07\/DSC_1322.jpg\"><img loading=\"lazy\" decoding=\"async\" width=\"300\" height=\"200\" class=\"alignleft size-medium wp-image-1839\" alt=\"\" src=\"http:\/\/www.vovray-en-bornes.fr\/wp-content\/uploads\/2018\/07\/DSC_1322-300x200.jpg\" srcset=\"https:\/\/www.vovray-en-bornes.fr\/wp-content\/uploads\/2018\/07\/DSC_1322-300x200.jpg 300w, https:\/\/www.vovray-en-bornes.fr\/wp-content\/uploads\/2018\/07\/DSC_1322-768x512.jpg 768w, https:\/\/www.vovray-en-bornes.fr\/wp-content\/uploads\/2018\/07\/DSC_1322-1024x683.jpg 1024w\" sizes=\"auto, (max-width: 300px) 100vw, 300px\" \/><\/a><\/p>\n","protected":false},"excerpt":{"rendered":"<p>Samedi 7 juillet a eu lieu la pose de la premi\u00e8re pierre du groupe scolaire et des am\u00e9nagements p\u00e9riscolaires des communes du Sappey et de Vovray-en-Bornes en pr\u00e9sence de monsieur le Pr\u00e9fet, monsieur le Sous-Pr\u00e9fet, le D\u00e9put\u00e9, conseiller r\u00e9gional, M. Saddier, les S\u00e9nateurs, M. Carle, M. Pellevat, le Vice-Pr\u00e9sident du Conseil D\u00e9partemental, M. Denis Duvernay,M. &hellip; <\/p>\n<p><a class=\"more-link btn\" href=\"https:\/\/www.vovray-en-bornes.fr\/?page_id=2219\">Lire la suite<\/a><\/p>\n","protected":false},"author":1,"featured_media":0,"parent":74,"menu_order":0,"comment_status":"closed","ping_status":"closed","template":"","meta":{"footnotes":""},"class_list":["post-2219","page","type-page","status-publish","hentry","nodate","item-wrap"],"_links":{"self":[{"href":"https:\/\/www.vovray-en-bornes.fr\/index.php?rest_route=\/wp\/v2\/pages\/2219","targetHints":{"allow":["GET"]}}],"collection":[{"href":"https:\/\/www.vovray-en-bornes.fr\/index.php?rest_route=\/wp\/v2\/pages"}],"about":[{"href":"https:\/\/www.vovray-en-bornes.fr\/index.php?rest_route=\/wp\/v2\/types\/page"}],"author":[{"embeddable":true,"href":"https:\/\/www.vovray-en-bornes.fr\/index.php?rest_route=\/wp\/v2\/users\/1"}],"replies":[{"embeddable":true,"href":"https:\/\/www.vovray-en-bornes.fr\/index.php?rest_route=%2Fwp%2Fv2%2Fcomments&post=2219"}],"version-history":[{"count":2,"href":"https:\/\/www.vovray-en-bornes.fr\/index.php?rest_route=\/wp\/v2\/pages\/2219\/revisions"}],"predecessor-version":[{"id":2851,"href":"https:\/\/www.vovray-en-bornes.fr\/index.php?rest_route=\/wp\/v2\/pages\/2219\/revisions\/2851"}],"up":[{"embeddable":true,"href":"https:\/\/www.vovray-en-bornes.fr\/index.php?rest_route=\/wp\/v2\/pages\/74"}],"wp:attachment":[{"href":"https:\/\/www.vovray-en-bornes.fr\/index.php?rest_route=%2Fwp%2Fv2%2Fmedia&parent=2219"}],"curies":[{"name":"wp","href":"https:\/\/api.w.org\/{rel}","templated":true}]}}