{"id":1309,"date":"2016-12-13T14:46:38","date_gmt":"2016-12-13T14:46:38","guid":{"rendered":"http:\/\/www.vovray-en-bornes.fr\/?page_id=1309"},"modified":"2021-02-01T08:36:12","modified_gmt":"2021-02-01T08:36:12","slug":"cafe-de-la-mairie","status":"publish","type":"page","link":"https:\/\/www.vovray-en-bornes.fr\/?page_id=1309","title":{"rendered":"Caf\u00e9 de la mairie"},"content":{"rendered":"<p>Le caf\u00e9 de la mairie ouvre de mani\u00e8re temporaire, il est ferm\u00e9 actuellement.<\/p>\n","protected":false},"excerpt":{"rendered":"<p>Le caf\u00e9 de la mairie ouvre de mani\u00e8re temporaire, il est ferm\u00e9 actuellement.<\/p>\n","protected":false},"author":1,"featured_media":0,"parent":117,"menu_order":0,"comment_status":"closed","ping_status":"closed","template":"","meta":{"footnotes":""},"class_list":["post-1309","page","type-page","status-publish","hentry","nodate","item-wrap"],"_links":{"self":[{"href":"https:\/\/www.vovray-en-bornes.fr\/index.php?rest_route=\/wp\/v2\/pages\/1309","targetHints":{"allow":["GET"]}}],"collection":[{"href":"https:\/\/www.vovray-en-bornes.fr\/index.php?rest_route=\/wp\/v2\/pages"}],"about":[{"href":"https:\/\/www.vovray-en-bornes.fr\/index.php?rest_route=\/wp\/v2\/types\/page"}],"author":[{"embeddable":true,"href":"https:\/\/www.vovray-en-bornes.fr\/index.php?rest_route=\/wp\/v2\/users\/1"}],"replies":[{"embeddable":true,"href":"https:\/\/www.vovray-en-bornes.fr\/index.php?rest_route=%2Fwp%2Fv2%2Fcomments&post=1309"}],"version-history":[{"count":2,"href":"https:\/\/www.vovray-en-bornes.fr\/index.php?rest_route=\/wp\/v2\/pages\/1309\/revisions"}],"predecessor-version":[{"id":2863,"href":"https:\/\/www.vovray-en-bornes.fr\/index.php?rest_route=\/wp\/v2\/pages\/1309\/revisions\/2863"}],"up":[{"embeddable":true,"href":"https:\/\/www.vovray-en-bornes.fr\/index.php?rest_route=\/wp\/v2\/pages\/117"}],"wp:attachment":[{"href":"https:\/\/www.vovray-en-bornes.fr\/index.php?rest_route=%2Fwp%2Fv2%2Fmedia&parent=1309"}],"curies":[{"name":"wp","href":"https:\/\/api.w.org\/{rel}","templated":true}]}}