{"id":11,"date":"2012-05-26T14:54:25","date_gmt":"2012-05-26T14:54:25","guid":{"rendered":"http:\/\/localhost\/?page_id=11"},"modified":"2021-02-01T08:57:24","modified_gmt":"2021-02-01T08:57:24","slug":"les-carrieres-de-silice","status":"publish","type":"page","link":"https:\/\/www.vovray-en-bornes.fr\/?page_id=11","title":{"rendered":"Les carri\u00e8res de Silice"},"content":{"rendered":"<div id=\"spip\">\n<p>Le long de la route qui sillonne le pied du Sal\u00e8ve, on peut voir une ancienne carri\u00e8re de Silice.<\/p>\n<p>Une autre, exploit\u00e9e encore en 1960, est dissimul\u00e9e dans la for\u00eat.<\/p>\n<p>Le sable extrait \u00e9tait de grande qualit\u00e9, il alimentait les grandes verreries d\u2019Italie et de Suisse.<\/p>\n<\/div>\n","protected":false},"excerpt":{"rendered":"<p>Le long de la route qui sillonne le pied du Sal\u00e8ve, on peut voir une ancienne carri\u00e8re de Silice. Une autre, exploit\u00e9e encore en 1960, est dissimul\u00e9e dans la for\u00eat. Le sable extrait \u00e9tait de grande qualit\u00e9, il alimentait les grandes verreries d\u2019Italie et de Suisse.<\/p>\n","protected":false},"author":1,"featured_media":0,"parent":7,"menu_order":3,"comment_status":"closed","ping_status":"closed","template":"template-onecolumn.php","meta":{"footnotes":""},"class_list":["post-11","page","type-page","status-publish","hentry","nodate","item-wrap"],"_links":{"self":[{"href":"https:\/\/www.vovray-en-bornes.fr\/index.php?rest_route=\/wp\/v2\/pages\/11","targetHints":{"allow":["GET"]}}],"collection":[{"href":"https:\/\/www.vovray-en-bornes.fr\/index.php?rest_route=\/wp\/v2\/pages"}],"about":[{"href":"https:\/\/www.vovray-en-bornes.fr\/index.php?rest_route=\/wp\/v2\/types\/page"}],"author":[{"embeddable":true,"href":"https:\/\/www.vovray-en-bornes.fr\/index.php?rest_route=\/wp\/v2\/users\/1"}],"replies":[{"embeddable":true,"href":"https:\/\/www.vovray-en-bornes.fr\/index.php?rest_route=%2Fwp%2Fv2%2Fcomments&post=11"}],"version-history":[{"count":4,"href":"https:\/\/www.vovray-en-bornes.fr\/index.php?rest_route=\/wp\/v2\/pages\/11\/revisions"}],"predecessor-version":[{"id":598,"href":"https:\/\/www.vovray-en-bornes.fr\/index.php?rest_route=\/wp\/v2\/pages\/11\/revisions\/598"}],"up":[{"embeddable":true,"href":"https:\/\/www.vovray-en-bornes.fr\/index.php?rest_route=\/wp\/v2\/pages\/7"}],"wp:attachment":[{"href":"https:\/\/www.vovray-en-bornes.fr\/index.php?rest_route=%2Fwp%2Fv2%2Fmedia&parent=11"}],"curies":[{"name":"wp","href":"https:\/\/api.w.org\/{rel}","templated":true}]}}