{"id":105,"date":"2012-05-26T21:26:08","date_gmt":"2012-05-26T21:26:08","guid":{"rendered":"http:\/\/vovray.sansvirus-info.fr\/?page_id=105"},"modified":"2024-08-19T06:11:44","modified_gmt":"2024-08-19T06:11:44","slug":"office-de-tourisme","status":"publish","type":"page","link":"https:\/\/www.vovray-en-bornes.fr\/?page_id=105","title":{"rendered":"Office de tourisme"},"content":{"rendered":"<ul>\n<li>La saison estivale est lanc\u00e9e, l\u2019Office de tourisme s\u2019organise pour \u00eatre pr\u00e9sent sur l\u2019ensemble de son territoire afin de promouvoir au plus grand nombre les aspects loisirs, culturels, naturels et sportifs de notre magnifique r\u00e9gion.Nous avons mis en place un planning d\u2019accueil avec des permanences d\u00e9localis\u00e9es r\u00e9parties entre Annemasse Agglom\u00e9ration, la Communaut\u00e9 de Communes du Genevois et la Communaut\u00e9 de Communes du Pays de Cruseilles, de juillet \u00e0 ao\u00fbt.\n<p>Ainsi, en compl\u00e9ment de notre accueil permanent \u00e0 la Maison de la Mobilit\u00e9 et du Tourisme \u00e0 Annemasse, <strong>vous pouvez retrouver l\u2019\u00e9quipe de l\u2019Office de Tourisme\u00a0:<\/strong><\/p>\n<p>Tous les lundis, mercredis, samedis\u00a0: \u00e0 Vitam UCPA \u2013 Neydens de 10 \u00e0 13h et de 14h \u00e0 18h (17h le samedi)<\/p>\n<p>Tous les mardis\u00a0au Parc des Droni\u00e8res * \u2013 Cruseilles \u2013 de 10h \u00e0 15h<\/p>\n<p>Tous les vendredis\u00a0au T\u00e9l\u00e9ph\u00e9rique du Sal\u00e8ve* (gare sup\u00e9rieure) \u2013 Monnetier-Mornex de 10h \u00e0 13h et de 13h30 \u00e0 16h30<\/p>\n<p><em>* Sous r\u00e9serve de conditions m\u00e9t\u00e9orologiques favorables..<\/em><\/p>\n<p><strong>\u00a0<\/strong><\/p>\n<p><strong><em>Le +<\/em><\/strong>\u00a0: Nos permanences seront rythm\u00e9es avec la pr\u00e9sence de partenaires locaux qui viendront valoriser leurs activit\u00e9s comme le Syndicat du Vuache ou la Maison du Sal\u00e8ve.<\/p>\n<p>L\u2019\u00e9quipe reste bien sur joignable \u00e0 distance du lundi au samedi\u00a0:<\/p>\n<ul>\n<li>Par t\u00e9l\u00e9phone\u00a0: 04 50 95 07 10<\/li>\n<li>Par email\u00a0: <a href=\"mailto:ot@montsdugenevois.com\">ot@montsdugenevois.com<\/a><\/li>\n<li>Par rdv en visio\u00a0: prise de rendez-vous sur montsdugenevois.com<\/li>\n<li>Par messagerie instantan\u00e9e\u00a0: tchat Messenger sur le site web<\/li>\n<\/ul>\n<p>Retrouvez le d\u00e9tail de ces informations sur notre site\u00a0: <a href=\"https:\/\/www.montsdugenevois.com\/pratique\/office-de-tourisme\/\">https:\/\/www.montsdugenevois.com\/pratique\/office-de-tourisme\/<\/a><\/li>\n<li>Pour conna\u00eetre l&rsquo;agenda :<\/li>\n<li><a href=\"https:\/\/www.montsdugenevois.com\/a-voir-a-faire\/agenda\/\">Agenda | Monts du Genevois \u2013 Votre \u00e9vasion nature dans le Grand Gen\u00e8ve<\/a><\/li>\n<\/ul>\n","protected":false},"excerpt":{"rendered":"<p>La saison estivale est lanc\u00e9e, l\u2019Office de tourisme s\u2019organise pour \u00eatre pr\u00e9sent sur l\u2019ensemble de son territoire afin de promouvoir au plus grand nombre les aspects loisirs, culturels, naturels et sportifs de notre magnifique r\u00e9gion.Nous avons mis en place un planning d\u2019accueil avec des permanences d\u00e9localis\u00e9es r\u00e9parties entre Annemasse Agglom\u00e9ration, la Communaut\u00e9 de Communes du &hellip; <\/p>\n<p><a class=\"more-link btn\" href=\"https:\/\/www.vovray-en-bornes.fr\/?page_id=105\">Lire la suite<\/a><\/p>\n","protected":false},"author":1,"featured_media":0,"parent":99,"menu_order":1,"comment_status":"closed","ping_status":"closed","template":"template-twocolumnsright.php","meta":{"footnotes":""},"class_list":["post-105","page","type-page","status-publish","hentry","nodate","item-wrap"],"_links":{"self":[{"href":"https:\/\/www.vovray-en-bornes.fr\/index.php?rest_route=\/wp\/v2\/pages\/105","targetHints":{"allow":["GET"]}}],"collection":[{"href":"https:\/\/www.vovray-en-bornes.fr\/index.php?rest_route=\/wp\/v2\/pages"}],"about":[{"href":"https:\/\/www.vovray-en-bornes.fr\/index.php?rest_route=\/wp\/v2\/types\/page"}],"author":[{"embeddable":true,"href":"https:\/\/www.vovray-en-bornes.fr\/index.php?rest_route=\/wp\/v2\/users\/1"}],"replies":[{"embeddable":true,"href":"https:\/\/www.vovray-en-bornes.fr\/index.php?rest_route=%2Fwp%2Fv2%2Fcomments&post=105"}],"version-history":[{"count":8,"href":"https:\/\/www.vovray-en-bornes.fr\/index.php?rest_route=\/wp\/v2\/pages\/105\/revisions"}],"predecessor-version":[{"id":4884,"href":"https:\/\/www.vovray-en-bornes.fr\/index.php?rest_route=\/wp\/v2\/pages\/105\/revisions\/4884"}],"up":[{"embeddable":true,"href":"https:\/\/www.vovray-en-bornes.fr\/index.php?rest_route=\/wp\/v2\/pages\/99"}],"wp:attachment":[{"href":"https:\/\/www.vovray-en-bornes.fr\/index.php?rest_route=%2Fwp%2Fv2%2Fmedia&parent=105"}],"curies":[{"name":"wp","href":"https:\/\/api.w.org\/{rel}","templated":true}]}}

<ul>
<li>La saison estivale est lancée, l’Office de tourisme s’organise pour être présent sur l’ensemble de son territoire afin de promouvoir au plus grand nombre les aspects loisirs, culturels, naturels et sportifs de notre magnifique région.Nous avons mis en place un planning d’accueil avec des permanences délocalisées réparties entre Annemasse Agglomération, la Communauté de Communes du Genevois et la Communauté de Communes du Pays de Cruseilles, de juillet à août.
<p>Ainsi, en complément de notre accueil permanent à la Maison de la Mobilité et du Tourisme à Annemasse, <strong>vous pouvez retrouver l’équipe de l’Office de Tourisme :</strong></p>
<p>Tous les lundis, mercredis, samedis : à Vitam UCPA – Neydens de 10 à 13h et de 14h à 18h (17h le samedi)</p>
<p>Tous les mardis au Parc des Dronières * – Cruseilles – de 10h à 15h</p>
<p>Tous les vendredis au Téléphérique du Salève* (gare supérieure) – Monnetier-Mornex de 10h à 13h et de 13h30 à 16h30</p>
<p><em>* Sous réserve de conditions météorologiques favorables..</em></p>
<p><strong> </strong></p>
<p><strong><em>Le +</em></strong> : Nos permanences seront rythmées avec la présence de partenaires locaux qui viendront valoriser leurs activités comme le Syndicat du Vuache ou la Maison du Salève.</p>
<p>L’équipe reste bien sur joignable à distance du lundi au samedi :</p>
<ul>
<li>Par téléphone : 04 50 95 07 10</li>
<li>Par email : <a href="mailto:ot@montsdugenevois.com">ot@montsdugenevois.com</a></li>
<li>Par rdv en visio : prise de rendez-vous sur montsdugenevois.com</li>
<li>Par messagerie instantanée : tchat Messenger sur le site web</li>
</ul>
<p>Retrouvez le détail de ces informations sur notre site : <a href="https://www.montsdugenevois.com/pratique/office-de-tourisme/">https://www.montsdugenevois.com/pratique/office-de-tourisme/</a></li>
<li>Pour connaître l&rsquo;agenda :</li>
<li><a href="https://www.montsdugenevois.com/a-voir-a-faire/agenda/">Agenda | Monts du Genevois – Votre évasion nature dans le Grand Genève</a></li>
</ul>

<p>La saison estivale est lancée, l’Office de tourisme s’organise pour être présent sur l’ensemble de son territoire afin de promouvoir au plus grand nombre les aspects loisirs, culturels, naturels et sportifs de notre magnifique région.Nous avons mis en place un planning d’accueil avec des permanences délocalisées réparties entre Annemasse Agglomération, la Communauté de Communes du &hellip; </p>
<p><a class="more-link btn" href="https://www.vovray-en-bornes.fr/?page_id=105">Lire la suite</a></p>
